2?
265946179
In base 2, what is -110 + 100111110001001101100111?
100111110001001101100001
In base 12, what is -430 + 448142?
447912
In base 13, what is 28817cc + -3?
28817c9
In base 15, what is 11e068db5 - 3?
11e068db2
In base 14, what is -47ccc98 - 2?
-47ccc9a
In base 3, what is 120001202021120 - -11?
120001202021201
In base 14, what is 9b55 + -a1c?
9137
In base 9, what is 52 - 2203000?
-2202837
In base 11, what is -5 - 11341025?
-1134102a
In base 9, what is 0 - 18516848?
-18516848
In base 6, what is 123131 + -10542?
112145
In base 15, what is ba942 + d7?
baa29
In base 7, what is -51506 + -2013?
-53522
In base 11, what is -2a38485 + -1?
-2a38486
In base 12, what is 35 + -74496a?
-744935
In base 13, what is -1533a102 + 4?
-1533a0cb
In base 5, what is 4010112234 - -104?
4010112343
In base 4, what is -102220031210 + 1023?
-102220030121
In base 9, what is -5 - -8658?
8653
In base 8, what is 2740 - -23225?
26165
In base 8, what is 7 + 7116100?
7116107
In base 10, what is -1380 + 40763?
39383
In base 10, what is -55338 + 99?
-55239
In base 3, what is 1202212 - -1002011021200?
1002020001112
In base 6, what is -1123 - 1014555?
-1020122
In base 9, what is -270686 + -268?
-271065
In base 6, what is 5 - -521333253?
521333302
In base 15, what is -4 + -3d92b81?
-3d92b85
In base 2, what is 10 + 1111000110011000001100?
1111000110011000001110
In base 12, what is -2ab8828 - -1?
-2ab8827
In base 3, what is -11222022122 + 11121200?
-11210200222
In base 3, what is 100102100 - 122012?
22210011
In base 15, what is -2da - -8e52?
8b67
In base 8, what is 11265 + -400?
10665
In base 6, what is 30204015422 + -1?
30204015421
In base 14, what is -1ab1 - 2ad?
-1d80
In base 10, what is -35110132 - 5?
-35110137
In base 9, what is -2 - 14502675?
-14502677
In base 5, what is -124200402 + 24?
-124200323
In base 14, what is -1324812 - 3?
-1324815
In base 9, what is 744245070 - 4?
744245065
In base 2, what is -101011010001110000 - 11011?
-101011010010001011
In base 16, what is -19034b - -c4?
-190287
In base 11, what is -1092399 + 17?
-1092382
In base 8, what is -16 + -47145157?
-47145175
In base 15, what is -12aa1a2 - -2?
-12aa1a0
In base 12, what is b221b00 - -3?
b221b03
In base 10, what is -372455 + 39?
-372416
In base 16, what is 5 + -b2ea00?
-b2e9fb
In base 2, what is -110101011011110 - -1011000?
-110101010000110
In base 12, what is -123309 - 38?
-123345
In base 3, what is -10220 + 22110220000?
22110202010
In base 15, what is -3441b - -5b?
-343b0
In base 3, what is 220112011002111 - -120?
220112011010001
In base 6, what is -4 + -44045003521?
-44045003525
In base 11, what is -a16 - -218458?
217542
In base 10, what is 132 - -887871?
888003
In base 9, what is 3 - 157618212?
-157618208
In base 14, what is -12 + -131c030?
-131c042
In base 11, what is 3595 - -10556?
14040
In base 2, what is 10101101100 - -1011011100111?
1110001010011
In base 5, what is 4021023 + 34343?
4110421
In base 9, what is 24343 - 12413?
11830
In base 11, what is 17832 - 8?
17825
In base 15, what is c67 - c5?
b92
In base 8, what is -3271720 - 23?
-3271743
In base 13, what is -10 - -81b31?
81b21
In base 3, what is 2 + -12201112211100102?
-12201112211100100
In base 7, what is -142 - 554526?
-555001
In base 8, what is 23210 - 66446?
-43236
In base 9, what is 14 + 111853?
111867
In base 7, what is -422 - -2025232?
2024510
In base 9, what is -15 - -287113?
287087
In base 9, what is 1886382 - 11?
1886371
In base 13, what is 10 - 5013806?
-50137c6
In base 6, what is -1335 + -204002?
-205341
In base 6, what is -241043 - 30123?
-311210
In base 14, what is 11770b4 - 1?
11770b3
In base 3, what is -12101010122210 - -11?
-12101010122122
In base 14, what is 0 - 229778?
-229778
In base 10, what is -2202608 + 99?
-2202509
In base 12, what is 11 - 10845b4?
-10845a3
In base 13, what is -175a + 1206?
-554
In base 8, what is 117 - 131502?
-131363
In base 2, what is 101111011010001001 + 110?
101111011010001111
In base 5, what is 120213432243 + -4?
120213432234
In base 6, what is -42 - 45034510?
-45034552
In base 11, what is 2633810 + -36?
2633785
In base 4, what is 1 - 12323033210?
-12323033203
In base 3, what is -2002202001 + 200022112?
-1102102112
In base 11, what is -71 + 302193?
302122
In base 8, what is 1653060 + -13?
1653045
In base 16, what is -1fba1 - e8?
-1fc89
In base 7, what is -50313543 + -3?
-50313546
In base 15, what is -210d - -1a41a?
1830c
In base 8, what is 172255 + 126?
172403
In base 3, what is 221201012121222 - -2?
221201012122001
In base 10, what is 322551028 - -3?
322551031
In base 10, what is 21016494 + 12?
21016506
In base 9, what is 45117023 - -2?
45117025
In base 7, what is 1051 - 3041?
-1660
In base 16, what is -1f - -154de0?
154dc1
In base 5, what is -2024443 + -2442?
-2032440
In base 8, what is 4 + -46561456?
-46561452
In base 2, what is 1010100100010000000 + 110?
1010100100010000110
In base 2, what is -10001101 + 111001001110111011000111?
111001001110111000111010
In base 7, what is -10 - 13213665?
-13214005
In base 2, what is -1010101011 - 1011100010011?
-1100110111110
In base 12, what is 153440 - 2b5?
153147
In base 13, what is 240c - -9669?
ba78
In base 7, what is 1 + -132521515?
-132521514
In base 7, what is -4 - 342643530?
-342643534
In base 15, what is -329d6 - 11?
-329e7
In base 6, what is 151 - 111444532?
-111444341
In base 6, what is -35 - -511205512?
511205433
In base 8, what is -1156 + -60553?
-61731
In base 12, what is 3 - 74104961?
-7410495a
In base 7, what is 362 - 3205412?
-3205020
In base 15, what is -21 + 4368e?
4366d
In base 16, what is -cab320 - b?
-cab32b
In base 13, what is 286 - -1235ab?
123864
In base 5, what is -1 - 11042043040?
-11042043041
In base 6, what is -222 + -322301120?
-322301342
In base 13, what is -8897 - -325?
-8572
In base 13, what is 0 - a843063?
-a843063
In base 15, what is 6 - -17a7447?
17a744d
In base 8, what is 121572 - -1077?
122671
In base 14, what is 10aa6c23 - 1?
10aa6c22
In base 7, what is 6633212 - -151?
6633363
In base 7, what is -13520 + 3353?
-10134
In base 2, what is -10101111010101100000001011 + 10001?
-10101111010101011111111010
In base 12, what is 65466099 + 7?
654660a4
In base 11, what is -163259 - -49?
-163210
In base 8, what is -124 - 23503740?
-23504064
In base 13, what is -43 - 635c57?
-635c9a
In base 4, what is -201331 - 30323?
-232320
In base 8, what is -1 + -151120737?
-151120740
In base 15, what is adeb - -95?
ae91
In base 15, what is eeb1aa - 4?
eeb1a6
In base 15, what is 12 + 1b695e?
1b6971
In base 15, what is 1582 - 1e53?
-8c1
In base 3, what is 220021000 - -2102201210?
10022222210
In base 4, what is 32122232033 + -2?
32122232031
In base 12, what is -2151 - -39b6?
1865
In base 8, what is -5247 - 335741?
-343210
In base 2, what is 110 + -101001011100110011?
-101001011100101101
In base 2, what is 1100110000001110101100 + -1001?
1100110000001110100011
In base 11, what is 250a2 - -2a5?
25397
In base 3, what is 1110021201011200 - 1111?
1110021201010012
In base 5, what is -413143132 + 303?
-413142324
In base 10, what is 31284 + -457?
30827
In base 4, what is -21213203230101 - 2?
-21213203230103
In base 9, what is -401 + -171800?
-172301
In base 3, what is 20002120 + -10201212201?
-10111210011
In base 11, what is 409 - 1a9868?
-1a945a
In base 5, what is -1422140 - 2443?
-1430133
In base 10, what is -7695 - -3080?
-4615
In base 12, what is -1 + 188b987?
188b986
In base 7, what is -3334343 + 22?
-3334321
In base 10, what is 23035363 - -1?
23035364
In base 7, what is -345 - -2426501?
2426123
In base 13, what is -b7 + 1142711?
1142627
In base 10, what is 14 - 3039110?
-3039096
In base 9, what is -1 - -315541336?
315541335
In base 5, what is -402124204024 - 0?
-402124204024
In base 15, what is -6137ed + -8?
-613806
In base 7, what is 423603502 + -4?
423603465
In base 16, what is 4ad16 - 1e?
4acf8
In base 11, what is -403 - 19297?
-1969a
In base 5, what is 10 + 4430201133?
4430201143
In base 6, what is 145555 - -13035?
203034
In base 5, what is -24 + -111101400?
-111101424
In base 6, what is 40321 - -23435?
104200
In base 16, what is 324cc322 - -3?
324cc325
In base 16, what is -9ac92 - -79?
-9ac19
In base 13, what is -21046 + -337?
-21380
In base 13, what is 2035 - -2b01c?
30054
In base 12, what is -2a3 - -284bb?
28218
In base 4, what is 112